hat is the tens digit of x?
1
Suppose 2*w + 5*x + 3 = 4*w, -2*w + 15 = -x. Let i = w + 8. What is the tens digit of i?
1
Let g = -1059 + 603. Let w = g - -707. What is the units digit of w?
1
Suppose 0 = 5*q + l + 3*l - 23, 2*l = -3*q + 13. Let y(f) = -f**q - 6 - 9*f**2 + 10 + 11 + 8*f - 2. What is the units digit of y(-10)?
3
Let z(o) = -345*o + 217. What is the hundreds digit of z(-10)?
6
Let y(a) = a + 9. Let f(q) = q**3 + 4*q**2 - 6*q - 3. Let v be f(-5). Suppose 0 = 2*i + v*i - 44. What is the tens digit of y(i)?
2
Suppose -1694 = -8*x + 4186. What is the tens digit of x?
3
Suppose z = -0*z + 2*h + 374, 3*z = h + 1142. What is the hundreds digit of z?
3
Suppose 5*y = 4*y. Suppose -5*d = -a + 61, 5*a + 4*d - d - 389 = y. What is the tens digit of a?
7
Suppose 0 = -2*a, -13 = 5*d + a + 27. Let l be 2/(-8) + (-2)/d. Suppose 0 = -4*u - 16, 24 = 4*x - 3*u - l*u. What is the units digit of x?
3
Let i(t) = 14*t**2 - 26*t + 115. What is the units digit of i(8)?
3
What is the units digit of 10/100 - 4/((-40)/17559)?
6
Let j = -21 - -27. Suppose j*l - 84 = 4*l. What is the tens digit of l?
4
Let d(q) = 2*q**2 - 25*q + 40. What is the units digit of d(21)?
7
Let g(h) = -4*h - 30. Suppose 5*v + 0*o - 5*o = -60, -v = -3*o + 18. What is the units digit of g(v)?
6
Let m = -128 - -60. Let c be 1/2 - m/(-8). What is the tens digit of (-78)/c - (-4)/16?
1
Let u(j) = -11*j + 2. Let z(s) = s - 1. Let a(c) = -u(c) + 2*z(c). What is the units digit of a(5)?
1
Suppose 97*x - z = 95*x + 1459, -x + 2*z + 731 = 0. What is the tens digit of x?
2
Suppose 20*q - 27*q + 1372 = 0. What is the hundreds digit of q?
1
Let o(t) be the first derivative of -t - 15/2*t**2 + 4. What is the units digit of o(-3)?
4
Let k(o) = o**3 - 3*o**2 - 5. Let q be k(5). Suppose -15 = -2*y + 2*s + 15, 4*y + s = q. Suppose -5*w + 3*l + 87 = -40, y = -3*l. What is the tens digit of w?
2
Suppose g + 25 = 6*g. Suppose -r = g*r - 444. What is the units digit of r?
4
Let x(r) = r**2 + 6*r - 15. Let w be -1 + 1 + 1/((-4)/(-36)). What is the hundreds digit of x(w)?
1
Suppose -2*i = -8*i - 564. Let f = -43 - i. What is the units digit of f?
1
Suppose -3*u + 0 = -2*o - 15, -o = 3*u + 21. What is the units digit of ((-4)/o)/((-2)/(-258))?
3
Suppose -8*h = -9*h - b + 656, 3276 = 5*h + 3*b. What is the units digit of h?
4
Let q = 619 - 363. What is the hundreds digit of q?
2
Let x(b) = b**3 + 5*b**2 - 6*b + 5. Let l be x(-6). Suppose 7 + l = o. Let n = o + 1. What is the tens digit of n?
1
Suppose j + 22 - 368 = 0. What is the hundreds digit of j?
3
Let k(n) = n**2 + 6*n - 4. Let t be k(-6). Let w be (-3)/(8/t - -1). Suppose -w*l + 0 = -69. What is the units digit of l?
3
Let q = -550 + 1503. What is the tens digit of q?
5
Suppose -11*d + 29198 = 4283. What is the tens digit of d?
6
Let n(y) = -49*y + 13. Let s be -2*(-3)/12*-8. What is the units digit of n(s)?
9
Suppose -3*j + 16 = -4*n + 2*j, j - 2 = 2*n. Let m be 1 + n + -2 + -22. Let h = -9 - m. What is the units digit of h?
3
Suppose 5*b + 24 = -2*w - 13, 4*w = -5*b - 49. What is the hundreds digit of (8 + (w - -1))*(81 + -1)?
2
Let d = -4 - -4. Let h(l) = l**3 + l**2 - l + 3. Let m be h(d). Suppose -m*s + 5*a + 64 = 0, -4*a - 1 = -5. What is the units digit of s?
3
Let a = 10 - 6. Suppose -5*s - 5*n = -215, -a*s = 2*n - 90 - 80. Suppose -m + s = 4*v, 1 = 2*m - 3. What is the units digit of v?
0
Let s = 726 + -194. What is the units digit of s?
2
Let j(p) = -p**3 + 24*p**2 + 73*p - 99. What is the units digit of j(22)?
5
What is the thousands digit of (-616638)/(-165) + (-36)/(-20)?
3
Let x(y) = y**2 + 25*y - 39. What is the units digit of x(-46)?
7
Let g(z) = -z**3 - 9*z**2 - 16*z - 11. Let j be g(-7). Suppose -j*r + a + 411 = r, 0 = -3*r + 5*a + 287. What is the tens digit of r?
0
Let y(t) = 4*t + 40. Let r be y(9). Let s = 159 - r. What is the units digit of s?
3
Let d be -2 - (-1)/2*14. Suppose -3*t - d*a + 53 = 0, -t + 5*a + 17 = 6. Suppose -l + 6*l - 35 = -2*u, u - t = -l. What is the units digit of u?
5
Let s = -6 + 3. Let r(b) = 12*b**2 - 4*b - 4. What is the units digit of r(s)?
6
Let y = -16 - -12. Let m be y/12*3 - -2. Let f = m + 1. What is the units digit of f?
2
Let m = 14 + -29. What is the hundreds digit of (1 - -1) + -2 - 4335/m?
2
Suppose -12 = -4*i + 5*m, 18 = i - 4*m - m. What is the units digit of 185*(6 + -3)/(i + 7)?
1
Let a = 18 + -22. What is the hundreds digit of a/3 - (-373)/3?
1
Let o = -5611 - -7990. What is the thousands digit of o?
2
Let o(h) be the third derivative of 0 + 0*h**4 + 0*h + 7/15*h**5 - 4*h**2 - 1/6*h**3. What is the tens digit of o(-1)?
2
Suppose -4*g = i - 67, -3*i + 1 + 2 = g. Suppose 21*m - 516 = g*m. What is the hundreds digit of m?
1
Let a(m) = -68*m + 1393. What is the units digit of a(19)?
1
Let l(j) = -197*j - 578. What is the thousands digit of l(-19)?
3
Suppose 0 = 2*i + 3*v - 0*v - 149, -3*i + 5*v = -195. Let r = i - -56. What is the tens digit of r?
2
Let i(k) = k**2 + 23*k + 86. What is the units digit of i(-39)?
0
Suppose 6*j = 3*j + 138. Let i = 118 - j. What is the units digit of i?
2
Let u(v) = v**3 - 22*v**2 - 12*v - 5. Let h be u(23). What is the hundreds digit of ((-2 - h) + -1)*(26 - 27)?
2
Let x(s) = -6*s**2 - 3*s**2 + 1 + 0*s - 8*s - s**3 - 7. Let r be x(-8). Let v = r - -7. What is the units digit of v?
1
Suppose 3*m = -0*m. Suppose -4*f + 3*f + 2 = m. What is the tens digit of (3 - f)/((-8)/(-168))?
2
Suppose -2*o = -3*o - 3, 5*z = -2*o + 4. Suppose -z*n + 41 + 65 = 0. Suppose 19 = 2*r - n. What is the units digit of r?
6
What is the tens digit of 8*((-870)/(-96))/((-3)/(-12))?
9
Let a(i) = -8*i - 1. Let q be a(-1). Let m(g) = g**3 - 8*g**2 + 6*g + 8. Let z be m(q). What is the units digit of 4*(z - (-11)/2)?
6
Let g = -13 + 16. Suppose 3*z = -g*y, -7*z + 2*z - y = 0. Suppose -3*x + 110 - 23 = z. What is the tens digit of x?
2
Suppose 101 + 11 = -3*g + 5*m, -75 = 2*g - 3*m. Let c = g - -104. What is the tens digit of c?
6
Let x(d) = 10*d**2 + 13*d - 109. What is the units digit of x(11)?
4
Let k(u) = -u**2 - 15*u + 24. Let t be k(17). Let s = 736 + t. What is the units digit of s?
6
Suppose 4*y - 203 = -3*n, -205 = -4*y + n - 6*n. What is the units digit of y?
0
Suppose 89*w = 94*w - 7250. What is the thousands digit of w?
1
Let b = 841 + -246. What is the units digit of b?
5
Let k = -21 - -31. Suppose -t - 3*g = -1, -g + 3*g - k = 4*t. What is the units digit of t/(-8) - 310/(-8)?
9
Let u be (85/(-15))/(1/(-6)). Suppose 4*q - 162 = -u. What is the units digit of q?
2
Let w be 349/3 - (-6)/(-18). Let n be 1/((-228)/w - -2). Suppose i - n = -4*u, -2*i + 2*u + 28 = -0*u. What is the tens digit of i?
1
Let k(b) = b**3 + 10*b**2 + 7*b - 11. Let i be k(-9). Let f(h) = h**3 - 2*h**2 - 10*h - 6. What is the hundreds digit of f(i)?
1
Suppose 0 = 1351*f - 1359*f + 11584. What is the hundreds digit of f?
4
Suppose 1242 = 4*k - 2*r, 5*r = -4*k + 10*r + 1257. What is the hundreds digit of k?
3
Let d be -1 + -1 + 1 + 3. Suppose -d*h - 3*h = -40. What is the units digit of 6/15 + h/5?
2
Let p(u) = 5*u**3 + 5*u**2 + 10*u + 20. Let s(y) = 4*y**3 + 6*y**2 + 11*y + 20. Let v(k) = -5*p(k) + 6*s(k). What is the units digit of v(12)?
8
Suppose 4*r - 2130 = -5*v, -11*r + v = -14*r + 1592. What is the units digit of r?
0
Let h(a) = -2*a + 16. Let i(n) = -2*n + 9. Let y be i(5). Let c = y - 7. What is the tens digit of h(c)?
3
What is the units digit of 203*(-10 - 2486/(-77))?
4
Let j be -10*((-21)/30 + 1/5). Suppose -2*x + 0*x - 2*d + 4 = 0, -10 = -5*x + 5*d. Suppose x*q + 33 = j*q. What is the units digit of q?
1
Suppose 4*b + s - 33 = -0*b, 0 = -b - 3*s. Suppose -4*q = -3 + 7, 741 = 4*u - 5*q. Suppose -176 - u = -b*r. What is the units digit of r?
0
Let p be 6*(20/6)/5. Suppose -5*q - 333 = -5*y + 182, p*y + 5*q = 403. What is the tens digit of y?
0
Let x(k) = -k**3 + 10*k**2 + 12*k + 11. Let z(b) = -b + 11. Let g(v) = v**3 + 4*v**2 + 4*v + 3. Let q be g(-3). Let r be z(q). What is the tens digit of x(r)?
2
Let w = 188 - 165. What is the units digit of w?
3
Let p = -891 + 1769. What is the hundreds digit of p?
8
Let p(x) = 493*x**2 + 5*x + 2. What is the hundreds digit of p(-1)?
4
Let s(m) = -2*m - 6. Let f be s(-4). Suppose 0 = f*u + u - 6. What is the tens digit of ((-57)/u)/(12/(-16))?
3
Let 